{"id":2901,"date":"2026-01-16T05:56:43","date_gmt":"2026-01-16T05:56:43","guid":{"rendered":"https:\/\/nogales.gob.mx\/portal\/?page_id=2901"},"modified":"2026-01-16T05:57:42","modified_gmt":"2026-01-16T05:57:42","slug":"politicas-de-cookies","status":"publish","type":"page","link":"https:\/\/nogales.gob.mx\/portal\/index.php\/politicas-de-cookies\/","title":{"rendered":"Politicas de Cookies"},"content":{"rendered":"\t\t<div data-elementor-type=\"wp-page\" data-elementor-id=\"2901\" class=\"elementor elementor-2901\" data-elementor-post-type=\"page\">\n\t\t\t\t<div class=\"elementor-element elementor-element-4c60f6a e-flex e-con-boxed e-con e-parent\" data-id=\"4c60f6a\" data-element_type=\"container\">\n\t\t\t\t\t<div class=\"e-con-inner\">\n\t\t<div class=\"elementor-element elementor-element-2082e063 e-con-full e-flex e-con e-child\" data-id=\"2082e063\" data-element_type=\"container\" data-settings=\"{&quot;background_background&quot;:&quot;classic&quot;}\">\n\t\t\t\t<div class=\"elementor-element elementor-element-6bea088a elementor-widget elementor-widget-image\" data-id=\"6bea088a\" data-element_type=\"widget\" data-widget_type=\"image.default\">\n\t\t\t\t\t\t\t\t\t\t\t\t\t\t\t<img fetchpriority=\"high\" decoding=\"async\" width=\"596\" height=\"597\" src=\"https:\/\/nogales.gob.mx\/portal\/wp-content\/uploads\/2026\/01\/Logotipo-Blanco-Fondo-1.png\" class=\"attachment-large size-large wp-image-2876\" alt=\"\" srcset=\"https:\/\/nogales.gob.mx\/portal\/wp-content\/uploads\/2026\/01\/Logotipo-Blanco-Fondo-1.png 596w, https:\/\/nogales.gob.mx\/portal\/wp-content\/uploads\/2026\/01\/Logotipo-Blanco-Fondo-1-300x300.png 300w, https:\/\/nogales.gob.mx\/portal\/wp-content\/uploads\/2026\/01\/Logotipo-Blanco-Fondo-1-150x150.png 150w\" sizes=\"(max-width: 596px) 100vw, 596px\" \/>\t\t\t\t\t\t\t\t\t\t\t\t\t\t\t<\/div>\n\t\t\t\t<\/div>\n\t\t<div class=\"elementor-element elementor-element-56ba7f81 e-con-full e-flex e-con e-child\" data-id=\"56ba7f81\" data-element_type=\"container\">\n\t\t\t\t<div class=\"elementor-element elementor-element-7fd07d93 elementor-widget elementor-widget-heading\" data-id=\"7fd07d93\" data-element_type=\"widget\" data-widget_type=\"heading.default\">\n\t\t\t\t\t<h2 class=\"elementor-heading-title elementor-size-default\">Pol\u00edticas de Cookies<\/h2>\t\t\t\t<\/div>\n\t\t\t\t<div class=\"elementor-element elementor-element-55578cb elementor-widget elementor-widget-text-editor\" data-id=\"55578cb\" data-element_type=\"widget\" data-widget_type=\"text-editor.default\">\n\t\t\t\t\t\t\t\t\t<p data-start=\"3269\" data-end=\"3559\">El sitio web oficial del <strong data-start=\"3294\" data-end=\"3334\">H. Ayuntamiento de Nogales, Veracruz<\/strong>, utiliza cookies y tecnolog\u00edas similares con el objetivo de mejorar la experiencia de navegaci\u00f3n, optimizar el funcionamiento del portal y recopilar informaci\u00f3n estad\u00edstica de manera general y an\u00f3nima sobre el uso del sitio.<\/p><p data-start=\"3561\" data-end=\"3901\">Las cookies son peque\u00f1os archivos que se almacenan en el dispositivo del usuario al visitar un sitio web y permiten reconocer patrones de navegaci\u00f3n, preferencias generales y desempe\u00f1o del portal. En ning\u00fan caso las cookies utilizadas por este sitio recaban informaci\u00f3n personal sensible ni permiten identificar directamente a los usuarios.<\/p><p data-start=\"3903\" data-end=\"4189\">El usuario puede configurar su navegador para aceptar, rechazar o eliminar las cookies en cualquier momento, de acuerdo con sus preferencias. Al continuar navegando en este sitio web, se entiende que el usuario acepta el uso de cookies conforme a lo establecido en la presente Pol\u00edtica.<\/p><p data-start=\"4191\" data-end=\"4427\">El <strong data-start=\"4194\" data-end=\"4230\">H. Ayuntamiento de Nogales, Ver.<\/strong> podr\u00e1 actualizar esta Pol\u00edtica de Cookies cuando sea necesario, con el prop\u00f3sito de adecuarla a cambios legales o tecnol\u00f3gicos, publicando las modificaciones correspondientes en este mismo portal.<\/p>\t\t\t\t\t\t\t\t<\/div>\n\t\t\t\t<\/div>\n\t\t\t\t\t<\/div>\n\t\t\t\t<\/div>\n\t\t\t\t<\/div>\n\t\t","protected":false},"excerpt":{"rendered":"<p>Pol\u00edticas de Cookies El sitio web oficial del H. Ayuntamiento de Nogales, Veracruz, utiliza cookies y tecnolog\u00edas similares con el<\/p>\n","protected":false},"author":1,"featured_media":0,"parent":0,"menu_order":0,"comment_status":"closed","ping_status":"closed","template":"elementor_header_footer","meta":{"colormag_page_container_layout":"default_layout","colormag_page_sidebar_layout":"default_layout","footnotes":""},"class_list":["post-2901","page","type-page","status-publish","hentry"],"_links":{"self":[{"href":"https:\/\/nogales.gob.mx\/portal\/index.php\/wp-json\/wp\/v2\/pages\/2901","targetHints":{"allow":["GET"]}}],"collection":[{"href":"https:\/\/nogales.gob.mx\/portal\/index.php\/wp-json\/wp\/v2\/pages"}],"about":[{"href":"https:\/\/nogales.gob.mx\/portal\/index.php\/wp-json\/wp\/v2\/types\/page"}],"author":[{"embeddable":true,"href":"https:\/\/nogales.gob.mx\/portal\/index.php\/wp-json\/wp\/v2\/users\/1"}],"replies":[{"embeddable":true,"href":"https:\/\/nogales.gob.mx\/portal\/index.php\/wp-json\/wp\/v2\/comments?post=2901"}],"version-history":[{"count":4,"href":"https:\/\/nogales.gob.mx\/portal\/index.php\/wp-json\/wp\/v2\/pages\/2901\/revisions"}],"predecessor-version":[{"id":2906,"href":"https:\/\/nogales.gob.mx\/portal\/index.php\/wp-json\/wp\/v2\/pages\/2901\/revisions\/2906"}],"wp:attachment":[{"href":"https:\/\/nogales.gob.mx\/portal\/index.php\/wp-json\/wp\/v2\/media?parent=2901"}],"curies":[{"name":"wp","href":"https:\/\/api.w.org\/{rel}","templated":true}]}}